315 and 5.
5
What is the highest common factor of 136 and 289?
17
Calculate the greatest common factor of 2068 and 44.
44
What is the highest common divisor of 369 and 18?
9
Calculate the highest common factor of 13 and 104.
13
What is the greatest common factor of 97 and 1261?
97
What is the greatest common factor of 702 and 130?
26
What is the greatest common divisor of 10 and 75?
5
What is the greatest common divisor of 3995 and 94?
47
What is the greatest common factor of 1190 and 1020?
170
What is the highest common divisor of 44 and 396?
44
Calculate the highest common divisor of 1925 and 350.
175
Calculate the highest common factor of 615 and 3239.
41
Calculate the highest common factor of 76 and 2204.
76
Calculate the highest common divisor of 468 and 180.
36
What is the highest common divisor of 403 and 39?
13
Calculate the highest common divisor of 58 and 290.
58
Calculate the greatest common divisor of 529 and 230.
23
What is the highest common divisor of 312 and 972?
12
What is the highest common divisor of 2509 and 91?
13
Calculate the greatest common factor of 40 and 3580.
20
Calculate the highest common factor of 340 and 60.
20
Calculate the highest common divisor of 979 and 712.
89
What is the greatest common divisor of 242 and 22?
22
What is the highest common divisor of 700 and 14?
14
Calculate the highest common factor of 9513 and 21.
21
What is the highest common divisor of 247 and 143?
13
Calculate the greatest common divisor of 3116 and 76.
76
Calculate the greatest common divisor of 441 and 144.
9
What is the greatest common divisor of 112 and 70?
14
What is the greatest common factor of 9 and 144?
9
Calculate the highest common divisor of 46 and 3634.
46
What is the highest common factor of 47685 and 255?
255
What is the greatest common divisor of 66 and 5676?
66
Calculate the greatest common divisor of 649 and 22.
11
What is the greatest common factor of 83 and 747?
83
Calculate the greatest common factor of 36 and 744.
12
What is the highest common divisor of 6874 and 112?
14
Calculate the greatest common divisor of 9853 and 118.
59
Calculate the greatest common factor of 693 and 777.
21
What is the highest common divisor of 36 and 26040?
12
What is the highest common divisor of 7752 and 3?
3
What is the highest common divisor of 42 and 133?
7
What is the greatest common divisor of 585 and 95?
5
Calculate the greatest common factor of 8 and 2112.
8
Calculate the greatest common factor of 405 and 300.
15
What is the highest common divisor of 7 and 203?
7
What is the greatest common factor of 432 and 36?
36
Calculate the greatest common divisor of 20 and 20.
20
Calculate the greatest common factor of 207 and 46.
23
What is the greatest common divisor of 4 and 191?
1
Calculate the highest common factor of 97 and 53738.
97
What is the greatest common factor of 210 and 12?
6
What is the greatest common divisor of 55 and 135?
5
What is the greatest common factor of 42 and 11502?
6
Calculate the greatest common divisor of 11825 and 55.
55
What is the highest common factor of 427 and 1159?
61
Calculate the highest common divisor of 3384 and 4371.
141
Calculate the greatest common factor of 304 and 836.
76
Calculate the greatest common factor of 168 and 136.
8
What is the highest common divisor of 376 and 282?
94
Calculate the greatest common divisor of 505 and 202.
101
What is the greatest common factor of 244 and 7076?
244
Calculate the greatest common divisor of 61 and 549.
61
Calculate the highest common factor of 60 and 20.
20
Calculate the greatest common divisor of 11400 and 400.
200
What is the highest common divisor of 425 and 325?
25
What is the greatest common factor of 25 and 4?
1
Calculate the greatest common factor of 7220 and 20.
20
Calculate the greatest common divisor of 4949 and 49.
49
Calculate the greatest common divisor of 1932 and 3059.
161
What is the greatest common divisor of 1008 and 315?
63
Calculate the highest common divisor of 372 and 144.
12
Calculate the greatest common divisor of 6 and 15030.
6
What is the greatest common divisor of 28 and 10108?
28
Calculate the greatest common factor of 5528 and 32.
8
Calculate the greatest common factor of 201 and 268.
67
What is the highest common factor of 1891 and 341?
31
Calculate the greatest common divisor of 247 and 26.
13
What is the highest common factor of 3588 and 260?
52
Calculate the greatest common factor of 182 and 650.
26
Calculate the greatest common divisor of 1331 and 2.
1
Calculate the highest common divisor of 133 and 437.
19
What is the highest common divisor of 812 and 2?
2
Calculate the highest common divisor of 1180 and 40.
20
What is the highest common factor of 3515 and 95?
95
Calculate the highest common divisor of 50 and 40.
10
What is the highest common divisor of 29727 and 81?
81
Calculate the highest common factor of 20 and 260.
20
Calculate the greatest common divisor of 21 and 721.
7
What is the greatest common factor of 18 and 1098?
18
Calculate the highest common factor of 14 and 581.
7
Calculate the greatest common factor of 136 and 17.
17
Calculate the greatest common divisor of 209 and 22.
11
What is the highest common divisor of 1424 and 48?
16
Calculate the highest common factor of 4428 and 216.
108
Calculate the greatest common factor of 306 and 35037.
153
Calculate the highest common divisor of 7 and 10423.
7
What is the highest common divisor of 455 and 650?
65
Calculate the highest common factor of 126 and 4.
2
Calculate the highest common divisor of 60 and 660.
60
Calculate the highest common factor of 14 and 2422.
14
Calculate the highest common divisor of 41115 and 60.
15
Calculate the highest common divisor of 903 and 63.
21
Calculate the highest common factor of 390 and 30.
30
What is the greatest common divisor of 20 and 250?
10
Calculate the greatest common factor of 55 and 2189.
11
What is the highest common divisor of 5488 and 70?
14
What is the greatest common factor of 17 and 7?
1
Calculate the greatest common divisor of 3668 and 84.
28
Calculate the greatest common factor of 856 and 8.
8
Calculate the greatest common divisor of 1128 and 423.
141
Calculate the highest common divisor of 364 and 403.
13
Calculate the greatest common factor of 187 and 22.
11
Calculate the greatest common divisor of 91 and 13.
13
Calculate the greatest common divisor of 321 and 6.
3
Calculate the highest common divisor of 244 and 4.
4
Calculate the greatest common factor of 1400 and 1540.
140
What is the highest common factor of 295 and 15?
5
Calculate the highest common factor of 726 and 11.
11
Calculate the greatest common factor of 255 and 102.
51
What is the highest common divisor of 236 and 16?
4
Calculate the highest common divisor of 1127 and 23.
23
What is the greatest common divisor of 1719 and 18?
9
What is the highest common divisor of 1350 and 50?
50
Calculate the highest common divisor of 120 and 51.
3
What is the highest common divisor of 2537 and 59?
59
Calculate the highest common divisor of 2949 and 6.
3
What is the greatest common factor of 324 and 1044?
36
What is the greatest common divisor of 129 and 688?
43
Calculate the greatest common divisor of 152 and 2983.
19
Calculate the greatest common factor of 9 and 51.
3
Calculate the highest common factor of 24270 and 150.
30
Calculate the highest common divisor of 214 and 11021.
107
What is the greatest common divisor of 98 and 5264?
14
Calculate the highest common divisor of 97740 and 135.
135
What is the highest common divisor of 27 and 108540?
27
What is the highest common divisor of 9 and 4?
1
Calculate the highest common divisor of 14 and 14.
14
What is the greatest common factor of 885 and 6785?
295
What is the greatest common factor of 3024 and 1152?
144
Calculate the highest common divisor of 67 and 11.
1
Calculate the highest common factor of 121 and 121.
121
What is the greatest common divisor of 217 and 1116?
31
What is the highest common divisor of 102 and 37944?
102
Calculate the highest common divisor of 12 and 876.
12
What is the highest common divisor of 74 and 11174?
74
What is the greatest common factor of 14 and 434?
14
What is the greatest common divisor of 105 and 42?
21
What is the greatest common factor of 67 and 268?
67
What is